2662021 prime?
False
Is 1444253 composite?
True
Is 12487443 a prime number?
False
Is 5164289 a prime number?
False
Is 1081403 composite?
False
Is 82405346 a composite number?
True
Is 368873261 a composite number?
True
Is 10984507 a composite number?
False
Is 343240837 a composite number?
True
Is 19097609 prime?
True
Is 240646109 prime?
False
Is 417917 a composite number?
True
Is 1748458 a prime number?
False
Is 396099373 prime?
False
Is 16585843 prime?
True
Is 78108757 composite?
False
Is 2552917 composite?
False
Is 41721431 composite?
False
Is 266328451 a composite number?
False
Is 63302159 prime?
True
Is 1807997 prime?
True
Is 3549877 a prime number?
True
Is 515700217 composite?
True
Is 52327991 prime?
True
Is 647201 a prime number?
True
Is 85736359 prime?
False
Is 3221327 composite?
False
Is 107464991 a composite number?
True
Is 30261883 composite?
True
Is 64019179 a composite number?
True
Is 1882789 a composite number?
True
Is 837569 prime?
False
Is 4318273 prime?
False
Is 9983159 composite?
True
Is 12638581 prime?
True
Is 177437419 prime?
True
Is 1532779 a prime number?
True
Is 15653711 composite?
True
Is 6431 a composite number?
True
Is 9009673 composite?
False
Is 1030266815 a composite number?
True
Is 8506874 a composite number?
True
Is 173562793 composite?
True
Is 1720897 prime?
True
Is 4335673 composite?
True
Is 420533261 prime?
True
Is 4988366663 prime?
False
Is 10169021 composite?
False
Is 5559209 prime?
True
Is 415290839 composite?
True
Is 1401937 a composite number?
False
Is 11422933 prime?
False
Is 10393657 prime?
True
Is 50475641 composite?
False
Is 7860439 a prime number?
True
Is 38116723 a composite number?
False
Is 1485191 a prime number?
True
Is 1888433 a prime number?
False
Is 13669823 composite?
False
Is 45649 composite?
True
Is 82102861 prime?
False
Is 1262087 a prime number?
True
Is 926006 a prime number?
False
Is 299035441 prime?
True
Is 9560993 a composite number?
True
Is 3885347 prime?
True
Is 251397805 a composite number?
True
Is 113945081 a composite number?
False
Is 10115122 a composite number?
True
Is 69311797 a prime number?
True
Is 276277 prime?
True
Is 41643851 a composite number?
False
Is 19232011 composite?
False
Is 160815191 prime?
False
Is 91393241 a prime number?
False
Is 377333035 prime?
False
Is 36844763 a prime number?
False
Is 3245237 a prime number?
True
Is 95868859 composite?
False
Is 41642941 a composite number?
False
Is 17199547 a prime number?
False
Is 741967 prime?
True
Is 538357 composite?
False
Is 38935763 a prime number?
False
Is 3392989 a composite number?
True
Is 85796699 a composite number?
False
Is 4071017 a prime number?
True
Is 11388889 prime?
False
Is 273429571 a prime number?
True
Is 3906901 prime?
False
Is 126307 a prime number?
True
Is 884341 composite?
False
Is 2535971 a prime number?
False
Is 960979 a composite number?
True
Is 2069177 a prime number?
False
Is 4689991 composite?
False
Is 21985211 composite?
False
Is 197221 prime?
True
Is 130076483 a composite number?
True
Is 184016029 prime?
True
Is 2475269 a prime number?
True
Is 213713 a prime number?
True
Is 32930837 prime?
True
Is 57433927 prime?
False
Is 13318213 prime?
True
Is 5223311 a composite number?
True
Is 138891679 a prime number?
False
Is 526307261 a prime number?
False
Is 16880371 a composite number?
True
Is 1140053 prime?
False
Is 4521689 composite?
False
Is 130081 a composite number?
True
Is 377752789 a composite number?
False
Is 1685849 composite?
True
Is 38408621 a prime number?
False
Is 884407 composite?
True
Is 115730435 a prime number?
False
Is 4054271 prime?
False
Is 1322257 a composite number?
False
Is 8387383 a prime number?
False
Is 15584479 a prime number?
True
Is 52337821 prime?
True
Is 797296759 prime?
False
Is 2863831 a prime number?
False
Is 4342267 a prime number?
True
Is 13665383 a composite number?
False
Is 18668917 composite?
True
Is 53204177 composite?
True
Is 9658151 a prime number?
True
Is 4250531 a prime number?
True
Is 689231 a prime number?
False
Is 3170329 prime?
False
Is 8216201 composite?
True
Is 1366889 prime?
True
Is 102629491 prime?
True
Is 167025613 composite?
True
Is 22740227 a composite number?
False
Is 4108801 composite?
False
Is 2772827 a composite number?
False
Is 47043485 composite?
True
Is 27188243 a prime number?
False
Is 43666289 a composite number?
True
Is 4682081 a composite number?
False
Is 9599647 a prime number?
True
Is 32134823 a composite number?
True
Is 19657903 composite?
False
Is 61090417 a prime number?
True
Is 73265 composite?
True
Is 178734487 a prime number?
True
Is 17951089 a composite number?
True
Is 1142512543 prime?
True
Is 31649437 prime?
True
Is 30073487 a prime number?
True
Is 7547035 prime?
False
Is 43068747 a composite number?
True
Is 4789961 prime?
False
Is 1608569 prime?
True
Is 3468899 a composite number?
True
Is 111987509 prime?
True
Is 636613 a composite number?
False
Is 12191327 composite?
False
Is 15975007 a composite number?
False
Is 2849801 composite?
True
Is 11425597 a composite number?
False
Is 98704793 composite?
True
Is 951152513 a composite number?
False
Is 460387453 a prime number?
True
Is 8195323 prime?
False
Is 612481 a prime number?
True
Is 48019787 composite?
False
Is 45454961 prime?
True
Is 13161121 prime?
True
Is 9786479 prime?
True
Is 7427698 a composite number?
True
Is 5440737 a composite number?
True
Is 3839131 a composite number?
False
Is 404359 composite?
True
Is 40036837 composite?
False
Is 9525419 composite?
False
Is 9067507 composite?
False
Is 2172299 a composite number?
True
Is 48749263 a prime number?
True
Is 192600059 a prime number?
False
Is 21801761 composite?
True
Is 126529 composite?
True
Is 440101 prime?
True
Is 4856444173 a prime number?
False
Is 11425597 a composite number?
False
Is 1807639 a prime number?
False
Is 30524743 prime?
True
Is 162647933 a composite number?
True
Is 978847 a prime number?
False
Is 218468747 a composite number?
True
Is 26301403 a prime number?
False
Is 180031 a composite number?
True
Is 12943949 composite?
False
Is 73157197 a prime number?
True
Is 89883853 a composite number?
True
Is 7278917 a prime number?
True
Is 12355093 prime?
True
Is 10625099 a prime number?
False
Is 14424317 a prime number?
True
Is 2190311 a prime number?
True
Is 7647973 prime?
True
Is 824917 a prime number?
False
Is 158675695 a prime number?
False
Is 6909989 a prime number?
False
Is 1354157 a composite number?
True
Is 16392931 a prime number?
True
Is 130053929 composite?
False
Is 102566099 a composite number?
False
Is 991606831 a prime number?
False
Is 2941591 composite?
True
Is 1667321 a composite number?
False
Is 12197957 prime?
False
Is 506798641 composite?
False
Is 21563699 a prime number?
True
Is 239536441 prime?
True
Is 43016707 a prime number?
True
Is 1658543 a composite number?
True
Is 3125921 prime?
True
Is 708772921 a composite number?
False
Is 2712971 prime?
True
Is 23178863 prime?
False
Is 161167457 a composite number?
True
Is 10187371 a prime number?
True
Is 51171331 composite?
False
Is 25149929 prime?
False
Is 461717429 a prime number?
True
Is 231169 a composite number?
False
Is 55430321 a composite number?
False
Is 36770621 a prime number?
False
Is 69399997 prime?
True
Is 287366609 a composite number?
False
Is 12394321 a prime number?
True
Is 1842319 composite?
True
Is 1194917 prime?
True
Is 15033799 a composite number?
True
Is 4427251 a composite number?
False
Is 16868759 a prime number?
True
Is 57024041 composite?
False
Is 498297 composite?
True
Is 2612667 a composite number?
True
Is 731232547 a prime number?
True
Is 21764111 a composite number?
False
Is 2925493 composite?
True
Is 1473467 composite?
False
Is 26631391 prime?
True
Is 8250421 composite?
True
Is 13319939 composite?
False
Is 16490483 composite?
False
Is 7112351 prime?
True
Is 1736029 prime?
True
Is 23535971 composite?
False
Is 8045041 composite?
True
Is 26341243 prime?
True
Is 37144577 composite?
False
Is 221767309 composite?
False
Is 1919839 a prime number?
True
Is 659954 a prime number?
False
Is 3388037 composite?
False
Is 797360807 a composite number?
True
Is 2966713 prime?
True
Is 13557139 a composite number?
True
Is 101801579 a prime number?
False
Is 311636753 composite?
True
Is 98370607 prime?
True
Is 35533229 a prime number?
F